{"id":980,"date":"2024-06-10T13:08:09","date_gmt":"2024-06-10T11:08:09","guid":{"rendered":"https:\/\/snepfsu.fr\/eps2024\/?page_id=980"},"modified":"2024-06-10T13:10:32","modified_gmt":"2024-06-10T11:10:32","slug":"operation-verite-les-eleves-de-bordeaux-nageront-peu-en-2024-annee-des-jeux-olympiques-et-paralympiques","status":"publish","type":"page","link":"https:\/\/snepfsu.fr\/eps2024\/operation-verite\/operation-verite-les-eleves-de-bordeaux-nageront-peu-en-2024-annee-des-jeux-olympiques-et-paralympiques\/","title":{"rendered":"Op\u00e9ration V\u00e9rit\u00e9 &#8211; Les \u00e9l\u00e8ves de Bordeaux nageront peu en 2024, ann\u00e9e des Jeux Olympiques et Paralympiques !"},"content":{"rendered":"\t\t<div data-elementor-type=\"wp-page\" data-elementor-id=\"980\" class=\"elementor elementor-980\" data-elementor-post-type=\"page\">\n\t\t\t\t<div class=\"elementor-element elementor-element-b3f6a24 e-flex e-con-boxed e-con e-parent\" data-id=\"b3f6a24\" data-element_type=\"container\" data-e-type=\"container\">\n\t\t\t\t\t<div class=\"e-con-inner\">\n\t\t\t\t<div class=\"elementor-element elementor-element-07654a2 elementor-widget elementor-widget-heading\" data-id=\"07654a2\" data-element_type=\"widget\" data-e-type=\"widget\" data-widget_type=\"heading.default\">\n\t\t\t\t<div class=\"elementor-widget-container\">\n\t\t\t\t\t<h1 class=\"elementor-heading-title elementor-size-xxl\">Op\u00e9ration V\u00e9rit\u00e9<\/h1>\t\t\t\t<\/div>\n\t\t\t\t<\/div>\n\t\t\t\t\t<\/div>\n\t\t\t\t<\/div>\n\t\t<div class=\"elementor-element elementor-element-920f5d9 e-flex e-con-boxed e-con e-parent\" data-id=\"920f5d9\" data-element_type=\"container\" data-e-type=\"container\">\n\t\t\t\t\t<div class=\"e-con-inner\">\n\t\t\t\t<div class=\"elementor-element elementor-element-ac26d04 elementor-widget elementor-widget-heading\" data-id=\"ac26d04\" data-element_type=\"widget\" data-e-type=\"widget\" data-widget_type=\"heading.default\">\n\t\t\t\t<div class=\"elementor-widget-container\">\n\t\t\t\t\t<h2 class=\"elementor-heading-title elementor-size-large\">Les \u00e9l\u00e8ves de Bordeaux nageront peu en 2024, <br>ann\u00e9e des Jeux Olympiques et Paralympiques !<\/h2>\t\t\t\t<\/div>\n\t\t\t\t<\/div>\n\t\t\t\t<div class=\"elementor-element elementor-element-a556432 elementor-widget elementor-widget-text-editor\" data-id=\"a556432\" data-element_type=\"widget\" data-e-type=\"widget\" data-widget_type=\"text-editor.default\">\n\t\t\t\t<div class=\"elementor-widget-container\">\n\t\t\t\t\t\t\t\t\t<p>Alors que la natation sportive et l\u2019apprentissage du savoir-nager constituent des enjeux majeurs de sant\u00e9 publique et d\u2019acc\u00e8s \u00e0 la culture (lutte contre les noyades, acc\u00e8s aux loisirs aquatiques), les conditions actuelles ne permettent pas \u00e0 tous les \u00e9l\u00e8ves un acc\u00e8s \u00e0 ces savoirs fondamentaux. Pourtant notre d\u00e9partement se pr\u00eate bien \u00e0 la baignade avec ces nombreux lacs et sa fa\u00e7ade oc\u00e9ane. La perspective des changements climatiques et sa gestion sur le long terme rendent urgente la question de l\u2019apprentissage de la natation.<\/p><p>Le SNEP-FSU 33 d\u00e9nonce depuis de nombreuses ann\u00e9es un nombre insuffisant de piscines sur la ville de Bordeaux et sur le d\u00e9partement de la Gironde. Force est de constater qu\u2019\u00e0 cela s\u2019ajoute des choix organisationnels des services responsables qui n\u2019en font pas une priorit\u00e9. Le manque de lignes d\u2019eau et la gestion des vestiaires emp\u00eachent une offre de pratique plus cons\u00e9quente.<\/p><p>Sur la ville de Bordeaux, la fermeture des bassins de 25 m de la piscine Juda\u00efque et la non-ouverture de Grand Parc augmentent ce d\u00e9ficit. Depuis 2022, nous sommes pass\u00e9s de 612 cr\u00e9neaux horaires \u00e0 366 en 2024, soit une diminution de 40% sur les deux derni\u00e8res ann\u00e9es.<\/p><p>Chaque ann\u00e9e, la r\u00e9union de r\u00e9partition des cr\u00e9neaux pour les \u00e9tablissements scolaire du second degr\u00e9 se d\u00e9roule dans un climat de tension. Malgr\u00e9 la volont\u00e9 des professeurs d\u2019EPS de faire nager le plus grand nombre, des arbitrages sont effectu\u00e9s au d\u00e9triment des \u00e9l\u00e8ves. Cette p\u00e9nurie contraint \u00e0 faire des choix, l\u00e0 o\u00f9 le service public d\u2019\u00e9ducation devrait assurer \u00e0 tous les \u00e9l\u00e8ves l\u2019acc\u00e8s \u00e0 l\u2019apprentissage de la natation.<\/p><p>Le SNEP-FSU d\u00e9nonce cet \u00e9tat de fait et revendique une politique ambitieuse d\u2019acc\u00e8s \u00e0 la natation au plus grand nombre avec davantage de construction de bassins, une d\u00e9marche de concertation avec les services municipaux en charge des piscines et plus de cr\u00e9neaux offerts aux scolaires (EPS, AS), aux clubs et aux usagers.<\/p><p style=\"text-align: right;\">Pour le SNEP-FSU Bordeaux<br \/>J\u00e9r\u00e9my Car\u00e9<br \/><a href=\"tel:0623083234\">0623083234<\/a><br \/><a href=\"mailto:jeremy_care@yahoo.fr\">jeremy_care@yahoo.fr<\/a><\/p>\t\t\t\t\t\t\t\t<\/div>\n\t\t\t\t<\/div>\n\t\t\t\t\t<\/div>\n\t\t\t\t<\/div>\n\t\t\t\t<\/div>\n\t\t","protected":false},"excerpt":{"rendered":"<p>Op\u00e9ration V\u00e9rit\u00e9 Les \u00e9l\u00e8ves de Bordeaux nageront peu en 2024, ann\u00e9e des Jeux Olympiques et Paralympiques ! Alors que la natation sportive et l\u2019apprentissage du savoir-nager constituent des enjeux majeurs de sant\u00e9 publique et d\u2019acc\u00e8s \u00e0 la culture (lutte contre les noyades, acc\u00e8s aux loisirs aquatiques), les conditions actuelles ne permettent pas \u00e0 tous les [&hellip;]<\/p>\n","protected":false},"author":1,"featured_media":0,"parent":879,"menu_order":0,"comment_status":"closed","ping_status":"closed","template":"","meta":{"ocean_post_layout":"","ocean_both_sidebars_style":"","ocean_both_sidebars_content_width":0,"ocean_both_sidebars_sidebars_width":0,"ocean_sidebar":"","ocean_second_sidebar":"","ocean_disable_margins":"enable","ocean_add_body_class":"","ocean_shortcode_before_top_bar":"","ocean_shortcode_after_top_bar":"","ocean_shortcode_before_header":"","ocean_shortcode_after_header":"","ocean_has_shortcode":"","ocean_shortcode_after_title":"","ocean_shortcode_before_footer_widgets":"","ocean_shortcode_after_footer_widgets":"","ocean_shortcode_before_footer_bottom":"","ocean_shortcode_after_footer_bottom":"","ocean_display_top_bar":"default","ocean_display_header":"default","ocean_header_style":"","ocean_center_header_left_menu":"","ocean_custom_header_template":"","ocean_custom_logo":0,"ocean_custom_retina_logo":0,"ocean_custom_logo_max_width":0,"ocean_custom_logo_tablet_max_width":0,"ocean_custom_logo_mobile_max_width":0,"ocean_custom_logo_max_height":0,"ocean_custom_logo_tablet_max_height":0,"ocean_custom_logo_mobile_max_height":0,"ocean_header_custom_menu":"","ocean_menu_typo_font_family":"","ocean_menu_typo_font_subset":"","ocean_menu_typo_font_size":0,"ocean_menu_typo_font_size_tablet":0,"ocean_menu_typo_font_size_mobile":0,"ocean_menu_typo_font_size_unit":"px","ocean_menu_typo_font_weight":"","ocean_menu_typo_font_weight_tablet":"","ocean_menu_typo_font_weight_mobile":"","ocean_menu_typo_transform":"","ocean_menu_typo_transform_tablet":"","ocean_menu_typo_transform_mobile":"","ocean_menu_typo_line_height":0,"ocean_menu_typo_line_height_tablet":0,"ocean_menu_typo_line_height_mobile":0,"ocean_menu_typo_line_height_unit":"","ocean_menu_typo_spacing":0,"ocean_menu_typo_spacing_tablet":0,"ocean_menu_typo_spacing_mobile":0,"ocean_menu_typo_spacing_unit":"","ocean_menu_link_color":"","ocean_menu_link_color_hover":"","ocean_menu_link_color_active":"","ocean_menu_link_background":"","ocean_menu_link_hover_background":"","ocean_menu_link_active_background":"","ocean_menu_social_links_bg":"","ocean_menu_social_hover_links_bg":"","ocean_menu_social_links_color":"","ocean_menu_social_hover_links_color":"","ocean_disable_title":"default","ocean_disable_heading":"default","ocean_post_title":"","ocean_post_subheading":"","ocean_post_title_style":"","ocean_post_title_background_color":"","ocean_post_title_background":0,"ocean_post_title_bg_image_position":"","ocean_post_title_bg_image_attachment":"","ocean_post_title_bg_image_repeat":"","ocean_post_title_bg_image_size":"","ocean_post_title_height":0,"ocean_post_title_bg_overlay":0.5,"ocean_post_title_bg_overlay_color":"","ocean_disable_breadcrumbs":"default","ocean_breadcrumbs_color":"","ocean_breadcrumbs_separator_color":"","ocean_breadcrumbs_links_color":"","ocean_breadcrumbs_links_hover_color":"","ocean_display_footer_widgets":"default","ocean_display_footer_bottom":"default","ocean_custom_footer_template":"","footnotes":""},"class_list":["post-980","page","type-page","status-publish","hentry","entry"],"yoast_head":"<!-- This site is optimized with the Yoast SEO plugin v27.5 - https:\/\/yoast.com\/product\/yoast-seo-wordpress\/ -->\n<title>Op\u00e9ration V\u00e9rit\u00e9 - Les \u00e9l\u00e8ves de Bordeaux nageront peu en 2024, ann\u00e9e des Jeux Olympiques et Paralympiques ! - #EPS2024<\/title>\n<meta name=\"robots\" content=\"index, follow, max-snippet:-1, max-image-preview:large, max-video-preview:-1\" \/>\n<link rel=\"canonical\" href=\"https:\/\/snepfsu.fr\/eps2024\/operation-verite\/operation-verite-les-eleves-de-bordeaux-nageront-peu-en-2024-annee-des-jeux-olympiques-et-paralympiques\/\" \/>\n<meta property=\"og:locale\" content=\"fr_FR\" \/>\n<meta property=\"og:type\" content=\"article\" \/>\n<meta property=\"og:title\" content=\"Op\u00e9ration V\u00e9rit\u00e9 - Les \u00e9l\u00e8ves de Bordeaux nageront peu en 2024, ann\u00e9e des Jeux Olympiques et Paralympiques ! - #EPS2024\" \/>\n<meta property=\"og:description\" content=\"Op\u00e9ration V\u00e9rit\u00e9 Les \u00e9l\u00e8ves de Bordeaux nageront peu en 2024, ann\u00e9e des Jeux Olympiques et Paralympiques ! Alors que la natation sportive et l\u2019apprentissage du savoir-nager constituent des enjeux majeurs de sant\u00e9 publique et d\u2019acc\u00e8s \u00e0 la culture (lutte contre les noyades, acc\u00e8s aux loisirs aquatiques), les conditions actuelles ne permettent pas \u00e0 tous les [&hellip;]\" \/>\n<meta property=\"og:url\" content=\"https:\/\/snepfsu.fr\/eps2024\/operation-verite\/operation-verite-les-eleves-de-bordeaux-nageront-peu-en-2024-annee-des-jeux-olympiques-et-paralympiques\/\" \/>\n<meta property=\"og:site_name\" content=\"#EPS2024\" \/>\n<meta property=\"article:modified_time\" content=\"2024-06-10T11:10:32+00:00\" \/>\n<meta name=\"twitter:card\" content=\"summary_large_image\" \/>\n<meta name=\"twitter:label1\" content=\"Dur\u00e9e de lecture estim\u00e9e\" \/>\n\t<meta name=\"twitter:data1\" content=\"2 minutes\" \/>\n<script type=\"application\/ld+json\" class=\"yoast-schema-graph\">{\"@context\":\"https:\\\/\\\/schema.org\",\"@graph\":[{\"@type\":\"WebPage\",\"@id\":\"https:\\\/\\\/snepfsu.fr\\\/eps2024\\\/operation-verite\\\/operation-verite-les-eleves-de-bordeaux-nageront-peu-en-2024-annee-des-jeux-olympiques-et-paralympiques\\\/\",\"url\":\"https:\\\/\\\/snepfsu.fr\\\/eps2024\\\/operation-verite\\\/operation-verite-les-eleves-de-bordeaux-nageront-peu-en-2024-annee-des-jeux-olympiques-et-paralympiques\\\/\",\"name\":\"Op\u00e9ration V\u00e9rit\u00e9 - Les \u00e9l\u00e8ves de Bordeaux nageront peu en 2024, ann\u00e9e des Jeux Olympiques et Paralympiques ! - #EPS2024\",\"isPartOf\":{\"@id\":\"https:\\\/\\\/snepfsu.fr\\\/eps2024\\\/#website\"},\"datePublished\":\"2024-06-10T11:08:09+00:00\",\"dateModified\":\"2024-06-10T11:10:32+00:00\",\"breadcrumb\":{\"@id\":\"https:\\\/\\\/snepfsu.fr\\\/eps2024\\\/operation-verite\\\/operation-verite-les-eleves-de-bordeaux-nageront-peu-en-2024-annee-des-jeux-olympiques-et-paralympiques\\\/#breadcrumb\"},\"inLanguage\":\"fr-FR\",\"potentialAction\":[{\"@type\":\"ReadAction\",\"target\":[\"https:\\\/\\\/snepfsu.fr\\\/eps2024\\\/operation-verite\\\/operation-verite-les-eleves-de-bordeaux-nageront-peu-en-2024-annee-des-jeux-olympiques-et-paralympiques\\\/\"]}]},{\"@type\":\"BreadcrumbList\",\"@id\":\"https:\\\/\\\/snepfsu.fr\\\/eps2024\\\/operation-verite\\\/operation-verite-les-eleves-de-bordeaux-nageront-peu-en-2024-annee-des-jeux-olympiques-et-paralympiques\\\/#breadcrumb\",\"itemListElement\":[{\"@type\":\"ListItem\",\"position\":1,\"name\":\"Accueil\",\"item\":\"https:\\\/\\\/snepfsu.fr\\\/eps2024\\\/\"},{\"@type\":\"ListItem\",\"position\":2,\"name\":\"Op\u00e9ration V\u00e9rit\u00e9\",\"item\":\"https:\\\/\\\/snepfsu.fr\\\/eps2024\\\/operation-verite\\\/\"},{\"@type\":\"ListItem\",\"position\":3,\"name\":\"Op\u00e9ration V\u00e9rit\u00e9 &#8211; Les \u00e9l\u00e8ves de Bordeaux nageront peu en 2024, ann\u00e9e des Jeux Olympiques et Paralympiques !\"}]},{\"@type\":\"WebSite\",\"@id\":\"https:\\\/\\\/snepfsu.fr\\\/eps2024\\\/#website\",\"url\":\"https:\\\/\\\/snepfsu.fr\\\/eps2024\\\/\",\"name\":\"#EPS2024\",\"description\":\"\",\"publisher\":{\"@id\":\"https:\\\/\\\/snepfsu.fr\\\/eps2024\\\/#organization\"},\"potentialAction\":[{\"@type\":\"SearchAction\",\"target\":{\"@type\":\"EntryPoint\",\"urlTemplate\":\"https:\\\/\\\/snepfsu.fr\\\/eps2024\\\/?s={search_term_string}\"},\"query-input\":{\"@type\":\"PropertyValueSpecification\",\"valueRequired\":true,\"valueName\":\"search_term_string\"}}],\"inLanguage\":\"fr-FR\"},{\"@type\":\"Organization\",\"@id\":\"https:\\\/\\\/snepfsu.fr\\\/eps2024\\\/#organization\",\"name\":\"#EPS2024\",\"url\":\"https:\\\/\\\/snepfsu.fr\\\/eps2024\\\/\",\"logo\":{\"@type\":\"ImageObject\",\"inLanguage\":\"fr-FR\",\"@id\":\"https:\\\/\\\/snepfsu.fr\\\/eps2024\\\/#\\\/schema\\\/logo\\\/image\\\/\",\"url\":\"https:\\\/\\\/snepfsu.fr\\\/eps2024\\\/wp-content\\\/uploads\\\/2023\\\/10\\\/signature-2023-4000-x-690-px-2560-x-442-px.gif\",\"contentUrl\":\"https:\\\/\\\/snepfsu.fr\\\/eps2024\\\/wp-content\\\/uploads\\\/2023\\\/10\\\/signature-2023-4000-x-690-px-2560-x-442-px.gif\",\"width\":2560,\"height\":442,\"caption\":\"#EPS2024\"},\"image\":{\"@id\":\"https:\\\/\\\/snepfsu.fr\\\/eps2024\\\/#\\\/schema\\\/logo\\\/image\\\/\"}}]}<\/script>\n<!-- \/ Yoast SEO plugin. -->","yoast_head_json":{"title":"Op\u00e9ration V\u00e9rit\u00e9 - Les \u00e9l\u00e8ves de Bordeaux nageront peu en 2024, ann\u00e9e des Jeux Olympiques et Paralympiques ! - #EPS2024","robots":{"index":"index","follow":"follow","max-snippet":"max-snippet:-1","max-image-preview":"max-image-preview:large","max-video-preview":"max-video-preview:-1"},"canonical":"https:\/\/snepfsu.fr\/eps2024\/operation-verite\/operation-verite-les-eleves-de-bordeaux-nageront-peu-en-2024-annee-des-jeux-olympiques-et-paralympiques\/","og_locale":"fr_FR","og_type":"article","og_title":"Op\u00e9ration V\u00e9rit\u00e9 - Les \u00e9l\u00e8ves de Bordeaux nageront peu en 2024, ann\u00e9e des Jeux Olympiques et Paralympiques ! - #EPS2024","og_description":"Op\u00e9ration V\u00e9rit\u00e9 Les \u00e9l\u00e8ves de Bordeaux nageront peu en 2024, ann\u00e9e des Jeux Olympiques et Paralympiques ! Alors que la natation sportive et l\u2019apprentissage du savoir-nager constituent des enjeux majeurs de sant\u00e9 publique et d\u2019acc\u00e8s \u00e0 la culture (lutte contre les noyades, acc\u00e8s aux loisirs aquatiques), les conditions actuelles ne permettent pas \u00e0 tous les [&hellip;]","og_url":"https:\/\/snepfsu.fr\/eps2024\/operation-verite\/operation-verite-les-eleves-de-bordeaux-nageront-peu-en-2024-annee-des-jeux-olympiques-et-paralympiques\/","og_site_name":"#EPS2024","article_modified_time":"2024-06-10T11:10:32+00:00","twitter_card":"summary_large_image","twitter_misc":{"Dur\u00e9e de lecture estim\u00e9e":"2 minutes"},"schema":{"@context":"https:\/\/schema.org","@graph":[{"@type":"WebPage","@id":"https:\/\/snepfsu.fr\/eps2024\/operation-verite\/operation-verite-les-eleves-de-bordeaux-nageront-peu-en-2024-annee-des-jeux-olympiques-et-paralympiques\/","url":"https:\/\/snepfsu.fr\/eps2024\/operation-verite\/operation-verite-les-eleves-de-bordeaux-nageront-peu-en-2024-annee-des-jeux-olympiques-et-paralympiques\/","name":"Op\u00e9ration V\u00e9rit\u00e9 - Les \u00e9l\u00e8ves de Bordeaux nageront peu en 2024, ann\u00e9e des Jeux Olympiques et Paralympiques ! - #EPS2024","isPartOf":{"@id":"https:\/\/snepfsu.fr\/eps2024\/#website"},"datePublished":"2024-06-10T11:08:09+00:00","dateModified":"2024-06-10T11:10:32+00:00","breadcrumb":{"@id":"https:\/\/snepfsu.fr\/eps2024\/operation-verite\/operation-verite-les-eleves-de-bordeaux-nageront-peu-en-2024-annee-des-jeux-olympiques-et-paralympiques\/#breadcrumb"},"inLanguage":"fr-FR","potentialAction":[{"@type":"ReadAction","target":["https:\/\/snepfsu.fr\/eps2024\/operation-verite\/operation-verite-les-eleves-de-bordeaux-nageront-peu-en-2024-annee-des-jeux-olympiques-et-paralympiques\/"]}]},{"@type":"BreadcrumbList","@id":"https:\/\/snepfsu.fr\/eps2024\/operation-verite\/operation-verite-les-eleves-de-bordeaux-nageront-peu-en-2024-annee-des-jeux-olympiques-et-paralympiques\/#breadcrumb","itemListElement":[{"@type":"ListItem","position":1,"name":"Accueil","item":"https:\/\/snepfsu.fr\/eps2024\/"},{"@type":"ListItem","position":2,"name":"Op\u00e9ration V\u00e9rit\u00e9","item":"https:\/\/snepfsu.fr\/eps2024\/operation-verite\/"},{"@type":"ListItem","position":3,"name":"Op\u00e9ration V\u00e9rit\u00e9 &#8211; Les \u00e9l\u00e8ves de Bordeaux nageront peu en 2024, ann\u00e9e des Jeux Olympiques et Paralympiques !"}]},{"@type":"WebSite","@id":"https:\/\/snepfsu.fr\/eps2024\/#website","url":"https:\/\/snepfsu.fr\/eps2024\/","name":"#EPS2024","description":"","publisher":{"@id":"https:\/\/snepfsu.fr\/eps2024\/#organization"},"potentialAction":[{"@type":"SearchAction","target":{"@type":"EntryPoint","urlTemplate":"https:\/\/snepfsu.fr\/eps2024\/?s={search_term_string}"},"query-input":{"@type":"PropertyValueSpecification","valueRequired":true,"valueName":"search_term_string"}}],"inLanguage":"fr-FR"},{"@type":"Organization","@id":"https:\/\/snepfsu.fr\/eps2024\/#organization","name":"#EPS2024","url":"https:\/\/snepfsu.fr\/eps2024\/","logo":{"@type":"ImageObject","inLanguage":"fr-FR","@id":"https:\/\/snepfsu.fr\/eps2024\/#\/schema\/logo\/image\/","url":"https:\/\/snepfsu.fr\/eps2024\/wp-content\/uploads\/2023\/10\/signature-2023-4000-x-690-px-2560-x-442-px.gif","contentUrl":"https:\/\/snepfsu.fr\/eps2024\/wp-content\/uploads\/2023\/10\/signature-2023-4000-x-690-px-2560-x-442-px.gif","width":2560,"height":442,"caption":"#EPS2024"},"image":{"@id":"https:\/\/snepfsu.fr\/eps2024\/#\/schema\/logo\/image\/"}}]}},"_links":{"self":[{"href":"https:\/\/snepfsu.fr\/eps2024\/wp-json\/wp\/v2\/pages\/980","targetHints":{"allow":["GET"]}}],"collection":[{"href":"https:\/\/snepfsu.fr\/eps2024\/wp-json\/wp\/v2\/pages"}],"about":[{"href":"https:\/\/snepfsu.fr\/eps2024\/wp-json\/wp\/v2\/types\/page"}],"author":[{"embeddable":true,"href":"https:\/\/snepfsu.fr\/eps2024\/wp-json\/wp\/v2\/users\/1"}],"replies":[{"embeddable":true,"href":"https:\/\/snepfsu.fr\/eps2024\/wp-json\/wp\/v2\/comments?post=980"}],"version-history":[{"count":4,"href":"https:\/\/snepfsu.fr\/eps2024\/wp-json\/wp\/v2\/pages\/980\/revisions"}],"predecessor-version":[{"id":984,"href":"https:\/\/snepfsu.fr\/eps2024\/wp-json\/wp\/v2\/pages\/980\/revisions\/984"}],"up":[{"embeddable":true,"href":"https:\/\/snepfsu.fr\/eps2024\/wp-json\/wp\/v2\/pages\/879"}],"wp:attachment":[{"href":"https:\/\/snepfsu.fr\/eps2024\/wp-json\/wp\/v2\/media?parent=980"}],"curies":[{"name":"wp","href":"https:\/\/api.w.org\/{rel}","templated":true}]}}