{"id":920,"date":"2024-05-13T14:23:42","date_gmt":"2024-05-13T12:23:42","guid":{"rendered":"https:\/\/snepfsu.fr\/eps2024\/?page_id=920"},"modified":"2024-05-13T14:24:41","modified_gmt":"2024-05-13T12:24:41","slug":"operation-verite-enquete-sur-lutilisation-des-installations-sportives-des-colleges-et-lycees-du-gard","status":"publish","type":"page","link":"https:\/\/snepfsu.fr\/eps2024\/operation-verite\/operation-verite-enquete-sur-lutilisation-des-installations-sportives-des-colleges-et-lycees-du-gard\/","title":{"rendered":"Op\u00e9ration V\u00e9rit\u00e9 &#8211; Enqu\u00eate sur l\u2019utilisation des installations sportives des coll\u00e8ges et lyc\u00e9es du GARD"},"content":{"rendered":"\t\t<div data-elementor-type=\"wp-page\" data-elementor-id=\"920\" class=\"elementor elementor-920\" data-elementor-post-type=\"page\">\n\t\t\t\t<div class=\"elementor-element elementor-element-b3f6a24 e-flex e-con-boxed e-con e-parent\" data-id=\"b3f6a24\" data-element_type=\"container\" data-e-type=\"container\">\n\t\t\t\t\t<div class=\"e-con-inner\">\n\t\t\t\t<div class=\"elementor-element elementor-element-07654a2 elementor-widget elementor-widget-heading\" data-id=\"07654a2\" data-element_type=\"widget\" data-e-type=\"widget\" data-widget_type=\"heading.default\">\n\t\t\t\t<div class=\"elementor-widget-container\">\n\t\t\t\t\t<h1 class=\"elementor-heading-title elementor-size-xxl\">Op\u00e9ration V\u00e9rit\u00e9<\/h1>\t\t\t\t<\/div>\n\t\t\t\t<\/div>\n\t\t\t\t\t<\/div>\n\t\t\t\t<\/div>\n\t\t<div class=\"elementor-element elementor-element-920f5d9 e-flex e-con-boxed e-con e-parent\" data-id=\"920f5d9\" data-element_type=\"container\" data-e-type=\"container\">\n\t\t\t\t\t<div class=\"e-con-inner\">\n\t\t\t\t<div class=\"elementor-element elementor-element-ac26d04 elementor-widget elementor-widget-heading\" data-id=\"ac26d04\" data-element_type=\"widget\" data-e-type=\"widget\" data-widget_type=\"heading.default\">\n\t\t\t\t<div class=\"elementor-widget-container\">\n\t\t\t\t\t<h2 class=\"elementor-heading-title elementor-size-large\">Enqu\u00eate sur l\u2019utilisation des installations sportives des coll\u00e8ges et lyc\u00e9es du GARD\n<\/h2>\t\t\t\t<\/div>\n\t\t\t\t<\/div>\n\t\t\t\t\t<\/div>\n\t\t\t\t<\/div>\n\t\t<div class=\"elementor-element elementor-element-0c6a1d1 e-flex e-con-boxed e-con e-parent\" data-id=\"0c6a1d1\" data-element_type=\"container\" data-e-type=\"container\">\n\t\t\t\t\t<div class=\"e-con-inner\">\n\t\t\t\t<div class=\"elementor-element elementor-element-ee467ef elementor-widget elementor-widget-image\" data-id=\"ee467ef\" data-element_type=\"widget\" data-e-type=\"widget\" data-widget_type=\"image.default\">\n\t\t\t\t<div class=\"elementor-widget-container\">\n\t\t\t\t\t\t\t\t\t\t\t\t\t\t\t<img fetchpriority=\"high\" decoding=\"async\" width=\"1024\" height=\"576\" src=\"http:\/\/snepfsu.fr\/eps2024\/wp-content\/uploads\/2024\/05\/vignette-gard-1024x576.jpg\" class=\"attachment-large size-large wp-image-922\" alt=\"\" srcset=\"http:\/\/snepfsu.fr\/eps2024\/wp-content\/uploads\/2024\/05\/vignette-gard-1024x576.jpg 1024w, http:\/\/snepfsu.fr\/eps2024\/wp-content\/uploads\/2024\/05\/vignette-gard-300x169.jpg 300w, http:\/\/snepfsu.fr\/eps2024\/wp-content\/uploads\/2024\/05\/vignette-gard-768x432.jpg 768w, http:\/\/snepfsu.fr\/eps2024\/wp-content\/uploads\/2024\/05\/vignette-gard-800x450.jpg 800w, http:\/\/snepfsu.fr\/eps2024\/wp-content\/uploads\/2024\/05\/vignette-gard.jpg 1280w\" sizes=\"(max-width: 1024px) 100vw, 1024px\" \/>\t\t\t\t\t\t\t\t\t\t\t\t\t\t\t<\/div>\n\t\t\t\t<\/div>\n\t\t\t\t<div class=\"elementor-element elementor-element-0e328cf elementor-widget elementor-widget-text-editor\" data-id=\"0e328cf\" data-element_type=\"widget\" data-e-type=\"widget\" data-widget_type=\"text-editor.default\">\n\t\t\t\t<div class=\"elementor-widget-container\">\n\t\t\t\t\t\t\t\t\t<p style=\"text-align: center;\"><strong>Introduction g\u00e9n\u00e9rale<\/strong><\/p><p>D\u00e9cid\u00e9e en d\u00e9but d\u2019ann\u00e9e scolaire 2019 \/ 2020, l\u2019enqu\u00eate a d\u00fb \u00eatre en r\u00e9alit\u00e9 r\u00e9alis\u00e9e au cours des deux ann\u00e9es scolaire 2019\/2020 et 2020 \/ 2021.<\/p><p>Nous avons proc\u00e9d\u00e9 par une rencontre de la totalit\u00e9 des \u00e9tablissements (souvent le coordonnateur).<\/p><p>Notre objectif a \u00e9t\u00e9 de formaliser ce que nous connaissions de fa\u00e7on empirique\u00a0: les in\u00e9galit\u00e9s tr\u00e8s importantes entre \u00e9tablissements. Pour cela, il nous a fallu normer les situations afin de pouvoir comparer la situation de chaque \u00e9tablissement. C\u2019est ce que nous pr\u00e9cisons ci-dessous dans la m\u00e9thodologie utilis\u00e9e.<\/p><p>Pour rappel, nous indiquons que nous nous sommes inspir\u00e9s de la r\u00e9f\u00e9rence officielle que constitue le guide minist\u00e9riel \u00ab\u00a0L\u2019acc\u00e8s aux \u00e9quipement sportifs pour l\u2019enseignement de l\u2019\u00e9ducation physique et sportive\u00a0\u00bb qui \u00e9tablit des pourcentages d\u2019acc\u00e8s aux diff\u00e9rents types d\u2019installations (par exemple 8% du temps \u2013 d\u2019enseignement- en coll\u00e8ge pour l\u2019acc\u00e8s \u00e0 une piscine).<\/p><p><strong><u>La m\u00e9thodologie utilis\u00e9e <\/u><\/strong><\/p><p>Nous avons centr\u00e9 nos investigations sur les installations sportives couvertes parce qu\u2019elles sont d\u00e9terminantes pour l\u2019enseignement de l\u2019EPS\u00a0: une pratique assur\u00e9e pour les \u00e9l\u00e8ves quelles que soient les conditions climatiques.<\/p><p>Nous avons recueilli deux types de donn\u00e9es :<\/p><ul><li>Le volume d\u2019enseignement de l\u2019EPS par semaine\u00a0: pour cela nous disposons des documents de pr\u00e9paration de rentr\u00e9e et d\u2019ajustement qui donnent la structure de chaque \u00e9tablissement et des \u00e9l\u00e9ments fournis par nos coll\u00e8gues (nombre de divisions ou de groupes EPS)<\/li><li>Le volume d\u2019utilisation de chaque type d\u2019installation, exprim\u00e9 en volume hebdomadaire ou en volume annuel<\/li><\/ul><p>Grace \u00e0 cette m\u00e9thodologie de traitement des donn\u00e9es, nous avons pu alors \u00e9tablir deux pourcentages qui vont permettre de comparer les \u00e9tablissements entre eux\u00a0:<\/p><ul><li>Le pourcentage d\u2019utilisation d\u2019installations couvertes = volume annuel d\u2019installations couvertes \/ volume annuel d\u2019enseignement.<\/li><li>Le pourcentage d\u2019acc\u00e8s \u00e0 une piscine = volume annuel d\u2019occupation d\u2019une piscine \/ volume annuel d\u2019enseignement.<\/li><\/ul><p>\u00a0<\/p><p>Renseign\u00e9s de la sorte, nous avons alors pu \u00e9tablir un bilan qui est d\u00e9velopp\u00e9 dans les lignes qui suivent.<\/p>\t\t\t\t\t\t\t\t<\/div>\n\t\t\t\t<\/div>\n\t\t\t\t<div class=\"elementor-element elementor-element-0c14457 elementor-align-center elementor-widget elementor-widget-button\" data-id=\"0c14457\" data-element_type=\"widget\" data-e-type=\"widget\" data-widget_type=\"button.default\">\n\t\t\t\t<div class=\"elementor-widget-container\">\n\t\t\t\t\t\t\t\t\t<div class=\"elementor-button-wrapper\">\n\t\t\t\t\t<a class=\"elementor-button elementor-button-link elementor-size-sm\" href=\"http:\/\/snepfsu.fr\/eps2024\/wp-content\/uploads\/2024\/05\/Enquete-SNEP-clg-lyc-GARD-extrait.pdf\" target=\"_blank\">\n\t\t\t\t\t\t<span class=\"elementor-button-content-wrapper\">\n\t\t\t\t\t\t\t\t\t<span class=\"elementor-button-text\">T\u00e9l\u00e9charger<\/span>\n\t\t\t\t\t<\/span>\n\t\t\t\t\t<\/a>\n\t\t\t\t<\/div>\n\t\t\t\t\t\t\t\t<\/div>\n\t\t\t\t<\/div>\n\t\t\t\t\t<\/div>\n\t\t\t\t<\/div>\n\t\t\t\t<\/div>\n\t\t","protected":false},"excerpt":{"rendered":"<p>Op\u00e9ration V\u00e9rit\u00e9 Enqu\u00eate sur l\u2019utilisation des installations sportives des coll\u00e8ges et lyc\u00e9es du GARD Introduction g\u00e9n\u00e9rale D\u00e9cid\u00e9e en d\u00e9but d\u2019ann\u00e9e scolaire 2019 \/ 2020, l\u2019enqu\u00eate a d\u00fb \u00eatre en r\u00e9alit\u00e9 r\u00e9alis\u00e9e au cours des deux ann\u00e9es scolaire 2019\/2020 et 2020 \/ 2021. Nous avons proc\u00e9d\u00e9 par une rencontre de la totalit\u00e9 des \u00e9tablissements (souvent le [&hellip;]<\/p>\n","protected":false},"author":1,"featured_media":0,"parent":879,"menu_order":0,"comment_status":"closed","ping_status":"closed","template":"","meta":{"ocean_post_layout":"","ocean_both_sidebars_style":"","ocean_both_sidebars_content_width":0,"ocean_both_sidebars_sidebars_width":0,"ocean_sidebar":"","ocean_second_sidebar":"","ocean_disable_margins":"enable","ocean_add_body_class":"","ocean_shortcode_before_top_bar":"","ocean_shortcode_after_top_bar":"","ocean_shortcode_before_header":"","ocean_shortcode_after_header":"","ocean_has_shortcode":"","ocean_shortcode_after_title":"","ocean_shortcode_before_footer_widgets":"","ocean_shortcode_after_footer_widgets":"","ocean_shortcode_before_footer_bottom":"","ocean_shortcode_after_footer_bottom":"","ocean_display_top_bar":"default","ocean_display_header":"default","ocean_header_style":"","ocean_center_header_left_menu":"","ocean_custom_header_template":"","ocean_custom_logo":0,"ocean_custom_retina_logo":0,"ocean_custom_logo_max_width":0,"ocean_custom_logo_tablet_max_width":0,"ocean_custom_logo_mobile_max_width":0,"ocean_custom_logo_max_height":0,"ocean_custom_logo_tablet_max_height":0,"ocean_custom_logo_mobile_max_height":0,"ocean_header_custom_menu":"","ocean_menu_typo_font_family":"","ocean_menu_typo_font_subset":"","ocean_menu_typo_font_size":0,"ocean_menu_typo_font_size_tablet":0,"ocean_menu_typo_font_size_mobile":0,"ocean_menu_typo_font_size_unit":"px","ocean_menu_typo_font_weight":"","ocean_menu_typo_font_weight_tablet":"","ocean_menu_typo_font_weight_mobile":"","ocean_menu_typo_transform":"","ocean_menu_typo_transform_tablet":"","ocean_menu_typo_transform_mobile":"","ocean_menu_typo_line_height":0,"ocean_menu_typo_line_height_tablet":0,"ocean_menu_typo_line_height_mobile":0,"ocean_menu_typo_line_height_unit":"","ocean_menu_typo_spacing":0,"ocean_menu_typo_spacing_tablet":0,"ocean_menu_typo_spacing_mobile":0,"ocean_menu_typo_spacing_unit":"","ocean_menu_link_color":"","ocean_menu_link_color_hover":"","ocean_menu_link_color_active":"","ocean_menu_link_background":"","ocean_menu_link_hover_background":"","ocean_menu_link_active_background":"","ocean_menu_social_links_bg":"","ocean_menu_social_hover_links_bg":"","ocean_menu_social_links_color":"","ocean_menu_social_hover_links_color":"","ocean_disable_title":"default","ocean_disable_heading":"default","ocean_post_title":"","ocean_post_subheading":"","ocean_post_title_style":"","ocean_post_title_background_color":"","ocean_post_title_background":0,"ocean_post_title_bg_image_position":"","ocean_post_title_bg_image_attachment":"","ocean_post_title_bg_image_repeat":"","ocean_post_title_bg_image_size":"","ocean_post_title_height":0,"ocean_post_title_bg_overlay":0.5,"ocean_post_title_bg_overlay_color":"","ocean_disable_breadcrumbs":"default","ocean_breadcrumbs_color":"","ocean_breadcrumbs_separator_color":"","ocean_breadcrumbs_links_color":"","ocean_breadcrumbs_links_hover_color":"","ocean_display_footer_widgets":"default","ocean_display_footer_bottom":"default","ocean_custom_footer_template":"","footnotes":""},"class_list":["post-920","page","type-page","status-publish","hentry","entry"],"yoast_head":"<!-- This site is optimized with the Yoast SEO plugin v27.5 - https:\/\/yoast.com\/product\/yoast-seo-wordpress\/ -->\n<title>Op\u00e9ration V\u00e9rit\u00e9 - Enqu\u00eate sur l\u2019utilisation des installations sportives des coll\u00e8ges et lyc\u00e9es du GARD - #EPS2024<\/title>\n<meta name=\"robots\" content=\"index, follow, max-snippet:-1, max-image-preview:large, max-video-preview:-1\" \/>\n<link rel=\"canonical\" href=\"https:\/\/snepfsu.fr\/eps2024\/operation-verite\/operation-verite-enquete-sur-lutilisation-des-installations-sportives-des-colleges-et-lycees-du-gard\/\" \/>\n<meta property=\"og:locale\" content=\"fr_FR\" \/>\n<meta property=\"og:type\" content=\"article\" \/>\n<meta property=\"og:title\" content=\"Op\u00e9ration V\u00e9rit\u00e9 - Enqu\u00eate sur l\u2019utilisation des installations sportives des coll\u00e8ges et lyc\u00e9es du GARD - #EPS2024\" \/>\n<meta property=\"og:description\" content=\"Op\u00e9ration V\u00e9rit\u00e9 Enqu\u00eate sur l\u2019utilisation des installations sportives des coll\u00e8ges et lyc\u00e9es du GARD Introduction g\u00e9n\u00e9rale D\u00e9cid\u00e9e en d\u00e9but d\u2019ann\u00e9e scolaire 2019 \/ 2020, l\u2019enqu\u00eate a d\u00fb \u00eatre en r\u00e9alit\u00e9 r\u00e9alis\u00e9e au cours des deux ann\u00e9es scolaire 2019\/2020 et 2020 \/ 2021. Nous avons proc\u00e9d\u00e9 par une rencontre de la totalit\u00e9 des \u00e9tablissements (souvent le [&hellip;]\" \/>\n<meta property=\"og:url\" content=\"https:\/\/snepfsu.fr\/eps2024\/operation-verite\/operation-verite-enquete-sur-lutilisation-des-installations-sportives-des-colleges-et-lycees-du-gard\/\" \/>\n<meta property=\"og:site_name\" content=\"#EPS2024\" \/>\n<meta property=\"article:modified_time\" content=\"2024-05-13T12:24:41+00:00\" \/>\n<meta property=\"og:image\" content=\"http:\/\/snepfsu.fr\/eps2024\/wp-content\/uploads\/2024\/05\/vignette-gard-1024x576.jpg\" \/>\n<meta name=\"twitter:card\" content=\"summary_large_image\" \/>\n<meta name=\"twitter:label1\" content=\"Dur\u00e9e de lecture estim\u00e9e\" \/>\n\t<meta name=\"twitter:data1\" content=\"2 minutes\" \/>\n<script type=\"application\/ld+json\" class=\"yoast-schema-graph\">{\"@context\":\"https:\\\/\\\/schema.org\",\"@graph\":[{\"@type\":\"WebPage\",\"@id\":\"https:\\\/\\\/snepfsu.fr\\\/eps2024\\\/operation-verite\\\/operation-verite-enquete-sur-lutilisation-des-installations-sportives-des-colleges-et-lycees-du-gard\\\/\",\"url\":\"https:\\\/\\\/snepfsu.fr\\\/eps2024\\\/operation-verite\\\/operation-verite-enquete-sur-lutilisation-des-installations-sportives-des-colleges-et-lycees-du-gard\\\/\",\"name\":\"Op\u00e9ration V\u00e9rit\u00e9 - Enqu\u00eate sur l\u2019utilisation des installations sportives des coll\u00e8ges et lyc\u00e9es du GARD - #EPS2024\",\"isPartOf\":{\"@id\":\"https:\\\/\\\/snepfsu.fr\\\/eps2024\\\/#website\"},\"primaryImageOfPage\":{\"@id\":\"https:\\\/\\\/snepfsu.fr\\\/eps2024\\\/operation-verite\\\/operation-verite-enquete-sur-lutilisation-des-installations-sportives-des-colleges-et-lycees-du-gard\\\/#primaryimage\"},\"image\":{\"@id\":\"https:\\\/\\\/snepfsu.fr\\\/eps2024\\\/operation-verite\\\/operation-verite-enquete-sur-lutilisation-des-installations-sportives-des-colleges-et-lycees-du-gard\\\/#primaryimage\"},\"thumbnailUrl\":\"http:\\\/\\\/snepfsu.fr\\\/eps2024\\\/wp-content\\\/uploads\\\/2024\\\/05\\\/vignette-gard-1024x576.jpg\",\"datePublished\":\"2024-05-13T12:23:42+00:00\",\"dateModified\":\"2024-05-13T12:24:41+00:00\",\"breadcrumb\":{\"@id\":\"https:\\\/\\\/snepfsu.fr\\\/eps2024\\\/operation-verite\\\/operation-verite-enquete-sur-lutilisation-des-installations-sportives-des-colleges-et-lycees-du-gard\\\/#breadcrumb\"},\"inLanguage\":\"fr-FR\",\"potentialAction\":[{\"@type\":\"ReadAction\",\"target\":[\"https:\\\/\\\/snepfsu.fr\\\/eps2024\\\/operation-verite\\\/operation-verite-enquete-sur-lutilisation-des-installations-sportives-des-colleges-et-lycees-du-gard\\\/\"]}]},{\"@type\":\"ImageObject\",\"inLanguage\":\"fr-FR\",\"@id\":\"https:\\\/\\\/snepfsu.fr\\\/eps2024\\\/operation-verite\\\/operation-verite-enquete-sur-lutilisation-des-installations-sportives-des-colleges-et-lycees-du-gard\\\/#primaryimage\",\"url\":\"https:\\\/\\\/snepfsu.fr\\\/eps2024\\\/wp-content\\\/uploads\\\/2024\\\/05\\\/vignette-gard.jpg\",\"contentUrl\":\"https:\\\/\\\/snepfsu.fr\\\/eps2024\\\/wp-content\\\/uploads\\\/2024\\\/05\\\/vignette-gard.jpg\",\"width\":1280,\"height\":720},{\"@type\":\"BreadcrumbList\",\"@id\":\"https:\\\/\\\/snepfsu.fr\\\/eps2024\\\/operation-verite\\\/operation-verite-enquete-sur-lutilisation-des-installations-sportives-des-colleges-et-lycees-du-gard\\\/#breadcrumb\",\"itemListElement\":[{\"@type\":\"ListItem\",\"position\":1,\"name\":\"Accueil\",\"item\":\"https:\\\/\\\/snepfsu.fr\\\/eps2024\\\/\"},{\"@type\":\"ListItem\",\"position\":2,\"name\":\"Op\u00e9ration V\u00e9rit\u00e9\",\"item\":\"https:\\\/\\\/snepfsu.fr\\\/eps2024\\\/operation-verite\\\/\"},{\"@type\":\"ListItem\",\"position\":3,\"name\":\"Op\u00e9ration V\u00e9rit\u00e9 &#8211; Enqu\u00eate sur l\u2019utilisation des installations sportives des coll\u00e8ges et lyc\u00e9es du GARD\"}]},{\"@type\":\"WebSite\",\"@id\":\"https:\\\/\\\/snepfsu.fr\\\/eps2024\\\/#website\",\"url\":\"https:\\\/\\\/snepfsu.fr\\\/eps2024\\\/\",\"name\":\"#EPS2024\",\"description\":\"\",\"publisher\":{\"@id\":\"https:\\\/\\\/snepfsu.fr\\\/eps2024\\\/#organization\"},\"potentialAction\":[{\"@type\":\"SearchAction\",\"target\":{\"@type\":\"EntryPoint\",\"urlTemplate\":\"https:\\\/\\\/snepfsu.fr\\\/eps2024\\\/?s={search_term_string}\"},\"query-input\":{\"@type\":\"PropertyValueSpecification\",\"valueRequired\":true,\"valueName\":\"search_term_string\"}}],\"inLanguage\":\"fr-FR\"},{\"@type\":\"Organization\",\"@id\":\"https:\\\/\\\/snepfsu.fr\\\/eps2024\\\/#organization\",\"name\":\"#EPS2024\",\"url\":\"https:\\\/\\\/snepfsu.fr\\\/eps2024\\\/\",\"logo\":{\"@type\":\"ImageObject\",\"inLanguage\":\"fr-FR\",\"@id\":\"https:\\\/\\\/snepfsu.fr\\\/eps2024\\\/#\\\/schema\\\/logo\\\/image\\\/\",\"url\":\"https:\\\/\\\/snepfsu.fr\\\/eps2024\\\/wp-content\\\/uploads\\\/2023\\\/10\\\/signature-2023-4000-x-690-px-2560-x-442-px.gif\",\"contentUrl\":\"https:\\\/\\\/snepfsu.fr\\\/eps2024\\\/wp-content\\\/uploads\\\/2023\\\/10\\\/signature-2023-4000-x-690-px-2560-x-442-px.gif\",\"width\":2560,\"height\":442,\"caption\":\"#EPS2024\"},\"image\":{\"@id\":\"https:\\\/\\\/snepfsu.fr\\\/eps2024\\\/#\\\/schema\\\/logo\\\/image\\\/\"}}]}<\/script>\n<!-- \/ Yoast SEO plugin. -->","yoast_head_json":{"title":"Op\u00e9ration V\u00e9rit\u00e9 - Enqu\u00eate sur l\u2019utilisation des installations sportives des coll\u00e8ges et lyc\u00e9es du GARD - #EPS2024","robots":{"index":"index","follow":"follow","max-snippet":"max-snippet:-1","max-image-preview":"max-image-preview:large","max-video-preview":"max-video-preview:-1"},"canonical":"https:\/\/snepfsu.fr\/eps2024\/operation-verite\/operation-verite-enquete-sur-lutilisation-des-installations-sportives-des-colleges-et-lycees-du-gard\/","og_locale":"fr_FR","og_type":"article","og_title":"Op\u00e9ration V\u00e9rit\u00e9 - Enqu\u00eate sur l\u2019utilisation des installations sportives des coll\u00e8ges et lyc\u00e9es du GARD - #EPS2024","og_description":"Op\u00e9ration V\u00e9rit\u00e9 Enqu\u00eate sur l\u2019utilisation des installations sportives des coll\u00e8ges et lyc\u00e9es du GARD Introduction g\u00e9n\u00e9rale D\u00e9cid\u00e9e en d\u00e9but d\u2019ann\u00e9e scolaire 2019 \/ 2020, l\u2019enqu\u00eate a d\u00fb \u00eatre en r\u00e9alit\u00e9 r\u00e9alis\u00e9e au cours des deux ann\u00e9es scolaire 2019\/2020 et 2020 \/ 2021. Nous avons proc\u00e9d\u00e9 par une rencontre de la totalit\u00e9 des \u00e9tablissements (souvent le [&hellip;]","og_url":"https:\/\/snepfsu.fr\/eps2024\/operation-verite\/operation-verite-enquete-sur-lutilisation-des-installations-sportives-des-colleges-et-lycees-du-gard\/","og_site_name":"#EPS2024","article_modified_time":"2024-05-13T12:24:41+00:00","og_image":[{"url":"http:\/\/snepfsu.fr\/eps2024\/wp-content\/uploads\/2024\/05\/vignette-gard-1024x576.jpg","type":"","width":"","height":""}],"twitter_card":"summary_large_image","twitter_misc":{"Dur\u00e9e de lecture estim\u00e9e":"2 minutes"},"schema":{"@context":"https:\/\/schema.org","@graph":[{"@type":"WebPage","@id":"https:\/\/snepfsu.fr\/eps2024\/operation-verite\/operation-verite-enquete-sur-lutilisation-des-installations-sportives-des-colleges-et-lycees-du-gard\/","url":"https:\/\/snepfsu.fr\/eps2024\/operation-verite\/operation-verite-enquete-sur-lutilisation-des-installations-sportives-des-colleges-et-lycees-du-gard\/","name":"Op\u00e9ration V\u00e9rit\u00e9 - Enqu\u00eate sur l\u2019utilisation des installations sportives des coll\u00e8ges et lyc\u00e9es du GARD - #EPS2024","isPartOf":{"@id":"https:\/\/snepfsu.fr\/eps2024\/#website"},"primaryImageOfPage":{"@id":"https:\/\/snepfsu.fr\/eps2024\/operation-verite\/operation-verite-enquete-sur-lutilisation-des-installations-sportives-des-colleges-et-lycees-du-gard\/#primaryimage"},"image":{"@id":"https:\/\/snepfsu.fr\/eps2024\/operation-verite\/operation-verite-enquete-sur-lutilisation-des-installations-sportives-des-colleges-et-lycees-du-gard\/#primaryimage"},"thumbnailUrl":"http:\/\/snepfsu.fr\/eps2024\/wp-content\/uploads\/2024\/05\/vignette-gard-1024x576.jpg","datePublished":"2024-05-13T12:23:42+00:00","dateModified":"2024-05-13T12:24:41+00:00","breadcrumb":{"@id":"https:\/\/snepfsu.fr\/eps2024\/operation-verite\/operation-verite-enquete-sur-lutilisation-des-installations-sportives-des-colleges-et-lycees-du-gard\/#breadcrumb"},"inLanguage":"fr-FR","potentialAction":[{"@type":"ReadAction","target":["https:\/\/snepfsu.fr\/eps2024\/operation-verite\/operation-verite-enquete-sur-lutilisation-des-installations-sportives-des-colleges-et-lycees-du-gard\/"]}]},{"@type":"ImageObject","inLanguage":"fr-FR","@id":"https:\/\/snepfsu.fr\/eps2024\/operation-verite\/operation-verite-enquete-sur-lutilisation-des-installations-sportives-des-colleges-et-lycees-du-gard\/#primaryimage","url":"https:\/\/snepfsu.fr\/eps2024\/wp-content\/uploads\/2024\/05\/vignette-gard.jpg","contentUrl":"https:\/\/snepfsu.fr\/eps2024\/wp-content\/uploads\/2024\/05\/vignette-gard.jpg","width":1280,"height":720},{"@type":"BreadcrumbList","@id":"https:\/\/snepfsu.fr\/eps2024\/operation-verite\/operation-verite-enquete-sur-lutilisation-des-installations-sportives-des-colleges-et-lycees-du-gard\/#breadcrumb","itemListElement":[{"@type":"ListItem","position":1,"name":"Accueil","item":"https:\/\/snepfsu.fr\/eps2024\/"},{"@type":"ListItem","position":2,"name":"Op\u00e9ration V\u00e9rit\u00e9","item":"https:\/\/snepfsu.fr\/eps2024\/operation-verite\/"},{"@type":"ListItem","position":3,"name":"Op\u00e9ration V\u00e9rit\u00e9 &#8211; Enqu\u00eate sur l\u2019utilisation des installations sportives des coll\u00e8ges et lyc\u00e9es du GARD"}]},{"@type":"WebSite","@id":"https:\/\/snepfsu.fr\/eps2024\/#website","url":"https:\/\/snepfsu.fr\/eps2024\/","name":"#EPS2024","description":"","publisher":{"@id":"https:\/\/snepfsu.fr\/eps2024\/#organization"},"potentialAction":[{"@type":"SearchAction","target":{"@type":"EntryPoint","urlTemplate":"https:\/\/snepfsu.fr\/eps2024\/?s={search_term_string}"},"query-input":{"@type":"PropertyValueSpecification","valueRequired":true,"valueName":"search_term_string"}}],"inLanguage":"fr-FR"},{"@type":"Organization","@id":"https:\/\/snepfsu.fr\/eps2024\/#organization","name":"#EPS2024","url":"https:\/\/snepfsu.fr\/eps2024\/","logo":{"@type":"ImageObject","inLanguage":"fr-FR","@id":"https:\/\/snepfsu.fr\/eps2024\/#\/schema\/logo\/image\/","url":"https:\/\/snepfsu.fr\/eps2024\/wp-content\/uploads\/2023\/10\/signature-2023-4000-x-690-px-2560-x-442-px.gif","contentUrl":"https:\/\/snepfsu.fr\/eps2024\/wp-content\/uploads\/2023\/10\/signature-2023-4000-x-690-px-2560-x-442-px.gif","width":2560,"height":442,"caption":"#EPS2024"},"image":{"@id":"https:\/\/snepfsu.fr\/eps2024\/#\/schema\/logo\/image\/"}}]}},"_links":{"self":[{"href":"https:\/\/snepfsu.fr\/eps2024\/wp-json\/wp\/v2\/pages\/920","targetHints":{"allow":["GET"]}}],"collection":[{"href":"https:\/\/snepfsu.fr\/eps2024\/wp-json\/wp\/v2\/pages"}],"about":[{"href":"https:\/\/snepfsu.fr\/eps2024\/wp-json\/wp\/v2\/types\/page"}],"author":[{"embeddable":true,"href":"https:\/\/snepfsu.fr\/eps2024\/wp-json\/wp\/v2\/users\/1"}],"replies":[{"embeddable":true,"href":"https:\/\/snepfsu.fr\/eps2024\/wp-json\/wp\/v2\/comments?post=920"}],"version-history":[{"count":5,"href":"https:\/\/snepfsu.fr\/eps2024\/wp-json\/wp\/v2\/pages\/920\/revisions"}],"predecessor-version":[{"id":927,"href":"https:\/\/snepfsu.fr\/eps2024\/wp-json\/wp\/v2\/pages\/920\/revisions\/927"}],"up":[{"embeddable":true,"href":"https:\/\/snepfsu.fr\/eps2024\/wp-json\/wp\/v2\/pages\/879"}],"wp:attachment":[{"href":"https:\/\/snepfsu.fr\/eps2024\/wp-json\/wp\/v2\/media?parent=920"}],"curies":[{"name":"wp","href":"https:\/\/api.w.org\/{rel}","templated":true}]}}