{"id":1025,"date":"2024-07-02T08:12:34","date_gmt":"2024-07-02T06:12:34","guid":{"rendered":"https:\/\/snepfsu.fr\/eps2024\/?page_id=1025"},"modified":"2024-07-02T08:18:55","modified_gmt":"2024-07-02T06:18:55","slug":"operation-verite-college-de-thiviers-des-conditions-deplorables","status":"publish","type":"page","link":"https:\/\/snepfsu.fr\/eps2024\/operation-verite\/operation-verite-college-de-thiviers-des-conditions-deplorables\/","title":{"rendered":"Op\u00e9ration V\u00e9rit\u00e9 &#8211; Coll\u00e8ge de Thiviers &#8211; Des conditions d\u00e9plorables"},"content":{"rendered":"\t\t<div data-elementor-type=\"wp-page\" data-elementor-id=\"1025\" class=\"elementor elementor-1025\" data-elementor-post-type=\"page\">\n\t\t\t\t<div class=\"elementor-element elementor-element-b3f6a24 e-flex e-con-boxed e-con e-parent\" data-id=\"b3f6a24\" data-element_type=\"container\" data-e-type=\"container\">\n\t\t\t\t\t<div class=\"e-con-inner\">\n\t\t\t\t<div class=\"elementor-element elementor-element-07654a2 elementor-widget elementor-widget-heading\" data-id=\"07654a2\" data-element_type=\"widget\" data-e-type=\"widget\" data-widget_type=\"heading.default\">\n\t\t\t\t<div class=\"elementor-widget-container\">\n\t\t\t\t\t<h1 class=\"elementor-heading-title elementor-size-xxl\">Op\u00e9ration V\u00e9rit\u00e9<\/h1>\t\t\t\t<\/div>\n\t\t\t\t<\/div>\n\t\t\t\t\t<\/div>\n\t\t\t\t<\/div>\n\t\t<div class=\"elementor-element elementor-element-920f5d9 e-flex e-con-boxed e-con e-parent\" data-id=\"920f5d9\" data-element_type=\"container\" data-e-type=\"container\">\n\t\t\t\t\t<div class=\"e-con-inner\">\n\t\t\t\t<div class=\"elementor-element elementor-element-ac26d04 elementor-widget elementor-widget-heading\" data-id=\"ac26d04\" data-element_type=\"widget\" data-e-type=\"widget\" data-widget_type=\"heading.default\">\n\t\t\t\t<div class=\"elementor-widget-container\">\n\t\t\t\t\t<h2 class=\"elementor-heading-title elementor-size-large\">Coll\u00e8ge de Thiviers <br> Des conditions d\u00e9plorables<\/h2>\t\t\t\t<\/div>\n\t\t\t\t<\/div>\n\t\t\t\t<div class=\"elementor-element elementor-element-a556432 elementor-widget elementor-widget-text-editor\" data-id=\"a556432\" data-element_type=\"widget\" data-e-type=\"widget\" data-widget_type=\"text-editor.default\">\n\t\t\t\t<div class=\"elementor-widget-container\">\n\t\t\t\t\t\t\t\t\t<p>Les coll\u00e8gues du coll\u00e8ge de Thiviers en Dordogne\u00a0travaillent dans des conditions d\u00e9plorables, manquent d&rsquo;installation et celles qui existent sont dans un \u00e9tat d\u00e9plorable comme en attestent les photos.<\/p><p>Ils ont suivi les stages SNEP-FSU \u00ab\u00a0Installations Sportives\u00a0\u00bb cette ann\u00e9e et l&rsquo;ann\u00e9e derni\u00e8re, ils ont travaill\u00e9 dur sur un projet, ils ont particip\u00e9 avec nous \u00e0 une commission tripartite, ils ont rencontr\u00e9 le CD etc.\u00a0<\/p><p>Malheureusement les freins, pour ne pas dire les blocages, sont nombreux entre les partenaires qui se renvoient la balle, les probl\u00e8mes de foncier, les subventions et leur usage, les co\u00fbts&#8230;Bref l&rsquo;\u00e9nergie d\u00e9pens\u00e9e et le temps sont \u00e9normes.\u00a0<\/p><p>Nous continuons \u00e0 nous d\u00e9mener avec eux aupr\u00e8s de tous les partenaires, ce coll\u00e8ge est malheureusement, un de nos dossiers phares.\u00a0<\/p><p><strong>Installations partag\u00e9es<\/strong><\/p><p>Voici notre \u00e9tat des lieux actuel \u00e0 Thiviers, installations que l&rsquo;on se partage entre le coll\u00e8ge, le LP, la MFR et l&rsquo;Ecole primaire :\u00a0<\/p><ul><li>1 gymnase municipal ( 1 terrain de HB)<\/li><li>1 dojo attenant au gymnase avec encore quelques fuites et pas de chauffage cette ann\u00e9e<\/li><li>pas de piste d&rsquo;athl\u00e9tisme mais un espace en herbe non entretenu et non plat<\/li><li>pas d&rsquo;espace de sports co grand terrain sauf si on prend des transports<\/li><li>pas de piscine \u00e0 moins de 45mn de route.<\/li><\/ul><p><strong>Au coll\u00e8ge<\/strong><\/p><ul><li>espace goudronn\u00e9 mais pas entretenu et dangereux dans la cour avec 2,5 terrains de basket. Un panneau non utilisable depuis septembre mais non chang\u00e9. (Cf. Photo ci-dessous)<\/li><li>nous allons \u00e0 la piscine de Niversac, 45mn aller et 45mn retour&#8230; avec les non nageurs uniquement.<\/li><\/ul><p><em>Photos \u00e0 venir<\/em><\/p>\t\t\t\t\t\t\t\t<\/div>\n\t\t\t\t<\/div>\n\t\t\t\t\t<\/div>\n\t\t\t\t<\/div>\n\t\t\t\t<\/div>\n\t\t","protected":false},"excerpt":{"rendered":"<p>Op\u00e9ration V\u00e9rit\u00e9 Coll\u00e8ge de Thiviers Des conditions d\u00e9plorables Les coll\u00e8gues du coll\u00e8ge de Thiviers en Dordogne\u00a0travaillent dans des conditions d\u00e9plorables, manquent d&rsquo;installation et celles qui existent sont dans un \u00e9tat d\u00e9plorable comme en attestent les photos. Ils ont suivi les stages SNEP-FSU \u00ab\u00a0Installations Sportives\u00a0\u00bb cette ann\u00e9e et l&rsquo;ann\u00e9e derni\u00e8re, ils ont travaill\u00e9 dur sur un [&hellip;]<\/p>\n","protected":false},"author":1,"featured_media":0,"parent":879,"menu_order":0,"comment_status":"closed","ping_status":"closed","template":"","meta":{"ocean_post_layout":"","ocean_both_sidebars_style":"","ocean_both_sidebars_content_width":0,"ocean_both_sidebars_sidebars_width":0,"ocean_sidebar":"","ocean_second_sidebar":"","ocean_disable_margins":"enable","ocean_add_body_class":"","ocean_shortcode_before_top_bar":"","ocean_shortcode_after_top_bar":"","ocean_shortcode_before_header":"","ocean_shortcode_after_header":"","ocean_has_shortcode":"","ocean_shortcode_after_title":"","ocean_shortcode_before_footer_widgets":"","ocean_shortcode_after_footer_widgets":"","ocean_shortcode_before_footer_bottom":"","ocean_shortcode_after_footer_bottom":"","ocean_display_top_bar":"default","ocean_display_header":"default","ocean_header_style":"","ocean_center_header_left_menu":"","ocean_custom_header_template":"","ocean_custom_logo":0,"ocean_custom_retina_logo":0,"ocean_custom_logo_max_width":0,"ocean_custom_logo_tablet_max_width":0,"ocean_custom_logo_mobile_max_width":0,"ocean_custom_logo_max_height":0,"ocean_custom_logo_tablet_max_height":0,"ocean_custom_logo_mobile_max_height":0,"ocean_header_custom_menu":"","ocean_menu_typo_font_family":"","ocean_menu_typo_font_subset":"","ocean_menu_typo_font_size":0,"ocean_menu_typo_font_size_tablet":0,"ocean_menu_typo_font_size_mobile":0,"ocean_menu_typo_font_size_unit":"px","ocean_menu_typo_font_weight":"","ocean_menu_typo_font_weight_tablet":"","ocean_menu_typo_font_weight_mobile":"","ocean_menu_typo_transform":"","ocean_menu_typo_transform_tablet":"","ocean_menu_typo_transform_mobile":"","ocean_menu_typo_line_height":0,"ocean_menu_typo_line_height_tablet":0,"ocean_menu_typo_line_height_mobile":0,"ocean_menu_typo_line_height_unit":"","ocean_menu_typo_spacing":0,"ocean_menu_typo_spacing_tablet":0,"ocean_menu_typo_spacing_mobile":0,"ocean_menu_typo_spacing_unit":"","ocean_menu_link_color":"","ocean_menu_link_color_hover":"","ocean_menu_link_color_active":"","ocean_menu_link_background":"","ocean_menu_link_hover_background":"","ocean_menu_link_active_background":"","ocean_menu_social_links_bg":"","ocean_menu_social_hover_links_bg":"","ocean_menu_social_links_color":"","ocean_menu_social_hover_links_color":"","ocean_disable_title":"default","ocean_disable_heading":"default","ocean_post_title":"","ocean_post_subheading":"","ocean_post_title_style":"","ocean_post_title_background_color":"","ocean_post_title_background":0,"ocean_post_title_bg_image_position":"","ocean_post_title_bg_image_attachment":"","ocean_post_title_bg_image_repeat":"","ocean_post_title_bg_image_size":"","ocean_post_title_height":0,"ocean_post_title_bg_overlay":0.5,"ocean_post_title_bg_overlay_color":"","ocean_disable_breadcrumbs":"default","ocean_breadcrumbs_color":"","ocean_breadcrumbs_separator_color":"","ocean_breadcrumbs_links_color":"","ocean_breadcrumbs_links_hover_color":"","ocean_display_footer_widgets":"default","ocean_display_footer_bottom":"default","ocean_custom_footer_template":"","footnotes":""},"class_list":["post-1025","page","type-page","status-publish","hentry","entry"],"yoast_head":"<!-- This site is optimized with the Yoast SEO plugin v27.5 - https:\/\/yoast.com\/product\/yoast-seo-wordpress\/ -->\n<title>Op\u00e9ration V\u00e9rit\u00e9 - Coll\u00e8ge de Thiviers - Des conditions d\u00e9plorables - #EPS2024<\/title>\n<meta name=\"robots\" content=\"index, follow, max-snippet:-1, max-image-preview:large, max-video-preview:-1\" \/>\n<link rel=\"canonical\" href=\"https:\/\/snepfsu.fr\/eps2024\/operation-verite\/operation-verite-college-de-thiviers-des-conditions-deplorables\/\" \/>\n<meta property=\"og:locale\" content=\"fr_FR\" \/>\n<meta property=\"og:type\" content=\"article\" \/>\n<meta property=\"og:title\" content=\"Op\u00e9ration V\u00e9rit\u00e9 - Coll\u00e8ge de Thiviers - Des conditions d\u00e9plorables - #EPS2024\" \/>\n<meta property=\"og:description\" content=\"Op\u00e9ration V\u00e9rit\u00e9 Coll\u00e8ge de Thiviers Des conditions d\u00e9plorables Les coll\u00e8gues du coll\u00e8ge de Thiviers en Dordogne\u00a0travaillent dans des conditions d\u00e9plorables, manquent d&rsquo;installation et celles qui existent sont dans un \u00e9tat d\u00e9plorable comme en attestent les photos. Ils ont suivi les stages SNEP-FSU \u00ab\u00a0Installations Sportives\u00a0\u00bb cette ann\u00e9e et l&rsquo;ann\u00e9e derni\u00e8re, ils ont travaill\u00e9 dur sur un [&hellip;]\" \/>\n<meta property=\"og:url\" content=\"https:\/\/snepfsu.fr\/eps2024\/operation-verite\/operation-verite-college-de-thiviers-des-conditions-deplorables\/\" \/>\n<meta property=\"og:site_name\" content=\"#EPS2024\" \/>\n<meta property=\"article:modified_time\" content=\"2024-07-02T06:18:55+00:00\" \/>\n<meta name=\"twitter:card\" content=\"summary_large_image\" \/>\n<meta name=\"twitter:label1\" content=\"Dur\u00e9e de lecture estim\u00e9e\" \/>\n\t<meta name=\"twitter:data1\" content=\"2 minutes\" \/>\n<script type=\"application\/ld+json\" class=\"yoast-schema-graph\">{\"@context\":\"https:\\\/\\\/schema.org\",\"@graph\":[{\"@type\":\"WebPage\",\"@id\":\"https:\\\/\\\/snepfsu.fr\\\/eps2024\\\/operation-verite\\\/operation-verite-college-de-thiviers-des-conditions-deplorables\\\/\",\"url\":\"https:\\\/\\\/snepfsu.fr\\\/eps2024\\\/operation-verite\\\/operation-verite-college-de-thiviers-des-conditions-deplorables\\\/\",\"name\":\"Op\u00e9ration V\u00e9rit\u00e9 - Coll\u00e8ge de Thiviers - Des conditions d\u00e9plorables - #EPS2024\",\"isPartOf\":{\"@id\":\"https:\\\/\\\/snepfsu.fr\\\/eps2024\\\/#website\"},\"datePublished\":\"2024-07-02T06:12:34+00:00\",\"dateModified\":\"2024-07-02T06:18:55+00:00\",\"breadcrumb\":{\"@id\":\"https:\\\/\\\/snepfsu.fr\\\/eps2024\\\/operation-verite\\\/operation-verite-college-de-thiviers-des-conditions-deplorables\\\/#breadcrumb\"},\"inLanguage\":\"fr-FR\",\"potentialAction\":[{\"@type\":\"ReadAction\",\"target\":[\"https:\\\/\\\/snepfsu.fr\\\/eps2024\\\/operation-verite\\\/operation-verite-college-de-thiviers-des-conditions-deplorables\\\/\"]}]},{\"@type\":\"BreadcrumbList\",\"@id\":\"https:\\\/\\\/snepfsu.fr\\\/eps2024\\\/operation-verite\\\/operation-verite-college-de-thiviers-des-conditions-deplorables\\\/#breadcrumb\",\"itemListElement\":[{\"@type\":\"ListItem\",\"position\":1,\"name\":\"Accueil\",\"item\":\"https:\\\/\\\/snepfsu.fr\\\/eps2024\\\/\"},{\"@type\":\"ListItem\",\"position\":2,\"name\":\"Op\u00e9ration V\u00e9rit\u00e9\",\"item\":\"https:\\\/\\\/snepfsu.fr\\\/eps2024\\\/operation-verite\\\/\"},{\"@type\":\"ListItem\",\"position\":3,\"name\":\"Op\u00e9ration V\u00e9rit\u00e9 &#8211; Coll\u00e8ge de Thiviers &#8211; Des conditions d\u00e9plorables\"}]},{\"@type\":\"WebSite\",\"@id\":\"https:\\\/\\\/snepfsu.fr\\\/eps2024\\\/#website\",\"url\":\"https:\\\/\\\/snepfsu.fr\\\/eps2024\\\/\",\"name\":\"#EPS2024\",\"description\":\"\",\"publisher\":{\"@id\":\"https:\\\/\\\/snepfsu.fr\\\/eps2024\\\/#organization\"},\"potentialAction\":[{\"@type\":\"SearchAction\",\"target\":{\"@type\":\"EntryPoint\",\"urlTemplate\":\"https:\\\/\\\/snepfsu.fr\\\/eps2024\\\/?s={search_term_string}\"},\"query-input\":{\"@type\":\"PropertyValueSpecification\",\"valueRequired\":true,\"valueName\":\"search_term_string\"}}],\"inLanguage\":\"fr-FR\"},{\"@type\":\"Organization\",\"@id\":\"https:\\\/\\\/snepfsu.fr\\\/eps2024\\\/#organization\",\"name\":\"#EPS2024\",\"url\":\"https:\\\/\\\/snepfsu.fr\\\/eps2024\\\/\",\"logo\":{\"@type\":\"ImageObject\",\"inLanguage\":\"fr-FR\",\"@id\":\"https:\\\/\\\/snepfsu.fr\\\/eps2024\\\/#\\\/schema\\\/logo\\\/image\\\/\",\"url\":\"https:\\\/\\\/snepfsu.fr\\\/eps2024\\\/wp-content\\\/uploads\\\/2023\\\/10\\\/signature-2023-4000-x-690-px-2560-x-442-px.gif\",\"contentUrl\":\"https:\\\/\\\/snepfsu.fr\\\/eps2024\\\/wp-content\\\/uploads\\\/2023\\\/10\\\/signature-2023-4000-x-690-px-2560-x-442-px.gif\",\"width\":2560,\"height\":442,\"caption\":\"#EPS2024\"},\"image\":{\"@id\":\"https:\\\/\\\/snepfsu.fr\\\/eps2024\\\/#\\\/schema\\\/logo\\\/image\\\/\"}}]}<\/script>\n<!-- \/ Yoast SEO plugin. -->","yoast_head_json":{"title":"Op\u00e9ration V\u00e9rit\u00e9 - Coll\u00e8ge de Thiviers - Des conditions d\u00e9plorables - #EPS2024","robots":{"index":"index","follow":"follow","max-snippet":"max-snippet:-1","max-image-preview":"max-image-preview:large","max-video-preview":"max-video-preview:-1"},"canonical":"https:\/\/snepfsu.fr\/eps2024\/operation-verite\/operation-verite-college-de-thiviers-des-conditions-deplorables\/","og_locale":"fr_FR","og_type":"article","og_title":"Op\u00e9ration V\u00e9rit\u00e9 - Coll\u00e8ge de Thiviers - Des conditions d\u00e9plorables - #EPS2024","og_description":"Op\u00e9ration V\u00e9rit\u00e9 Coll\u00e8ge de Thiviers Des conditions d\u00e9plorables Les coll\u00e8gues du coll\u00e8ge de Thiviers en Dordogne\u00a0travaillent dans des conditions d\u00e9plorables, manquent d&rsquo;installation et celles qui existent sont dans un \u00e9tat d\u00e9plorable comme en attestent les photos. Ils ont suivi les stages SNEP-FSU \u00ab\u00a0Installations Sportives\u00a0\u00bb cette ann\u00e9e et l&rsquo;ann\u00e9e derni\u00e8re, ils ont travaill\u00e9 dur sur un [&hellip;]","og_url":"https:\/\/snepfsu.fr\/eps2024\/operation-verite\/operation-verite-college-de-thiviers-des-conditions-deplorables\/","og_site_name":"#EPS2024","article_modified_time":"2024-07-02T06:18:55+00:00","twitter_card":"summary_large_image","twitter_misc":{"Dur\u00e9e de lecture estim\u00e9e":"2 minutes"},"schema":{"@context":"https:\/\/schema.org","@graph":[{"@type":"WebPage","@id":"https:\/\/snepfsu.fr\/eps2024\/operation-verite\/operation-verite-college-de-thiviers-des-conditions-deplorables\/","url":"https:\/\/snepfsu.fr\/eps2024\/operation-verite\/operation-verite-college-de-thiviers-des-conditions-deplorables\/","name":"Op\u00e9ration V\u00e9rit\u00e9 - Coll\u00e8ge de Thiviers - Des conditions d\u00e9plorables - #EPS2024","isPartOf":{"@id":"https:\/\/snepfsu.fr\/eps2024\/#website"},"datePublished":"2024-07-02T06:12:34+00:00","dateModified":"2024-07-02T06:18:55+00:00","breadcrumb":{"@id":"https:\/\/snepfsu.fr\/eps2024\/operation-verite\/operation-verite-college-de-thiviers-des-conditions-deplorables\/#breadcrumb"},"inLanguage":"fr-FR","potentialAction":[{"@type":"ReadAction","target":["https:\/\/snepfsu.fr\/eps2024\/operation-verite\/operation-verite-college-de-thiviers-des-conditions-deplorables\/"]}]},{"@type":"BreadcrumbList","@id":"https:\/\/snepfsu.fr\/eps2024\/operation-verite\/operation-verite-college-de-thiviers-des-conditions-deplorables\/#breadcrumb","itemListElement":[{"@type":"ListItem","position":1,"name":"Accueil","item":"https:\/\/snepfsu.fr\/eps2024\/"},{"@type":"ListItem","position":2,"name":"Op\u00e9ration V\u00e9rit\u00e9","item":"https:\/\/snepfsu.fr\/eps2024\/operation-verite\/"},{"@type":"ListItem","position":3,"name":"Op\u00e9ration V\u00e9rit\u00e9 &#8211; Coll\u00e8ge de Thiviers &#8211; Des conditions d\u00e9plorables"}]},{"@type":"WebSite","@id":"https:\/\/snepfsu.fr\/eps2024\/#website","url":"https:\/\/snepfsu.fr\/eps2024\/","name":"#EPS2024","description":"","publisher":{"@id":"https:\/\/snepfsu.fr\/eps2024\/#organization"},"potentialAction":[{"@type":"SearchAction","target":{"@type":"EntryPoint","urlTemplate":"https:\/\/snepfsu.fr\/eps2024\/?s={search_term_string}"},"query-input":{"@type":"PropertyValueSpecification","valueRequired":true,"valueName":"search_term_string"}}],"inLanguage":"fr-FR"},{"@type":"Organization","@id":"https:\/\/snepfsu.fr\/eps2024\/#organization","name":"#EPS2024","url":"https:\/\/snepfsu.fr\/eps2024\/","logo":{"@type":"ImageObject","inLanguage":"fr-FR","@id":"https:\/\/snepfsu.fr\/eps2024\/#\/schema\/logo\/image\/","url":"https:\/\/snepfsu.fr\/eps2024\/wp-content\/uploads\/2023\/10\/signature-2023-4000-x-690-px-2560-x-442-px.gif","contentUrl":"https:\/\/snepfsu.fr\/eps2024\/wp-content\/uploads\/2023\/10\/signature-2023-4000-x-690-px-2560-x-442-px.gif","width":2560,"height":442,"caption":"#EPS2024"},"image":{"@id":"https:\/\/snepfsu.fr\/eps2024\/#\/schema\/logo\/image\/"}}]}},"_links":{"self":[{"href":"https:\/\/snepfsu.fr\/eps2024\/wp-json\/wp\/v2\/pages\/1025","targetHints":{"allow":["GET"]}}],"collection":[{"href":"https:\/\/snepfsu.fr\/eps2024\/wp-json\/wp\/v2\/pages"}],"about":[{"href":"https:\/\/snepfsu.fr\/eps2024\/wp-json\/wp\/v2\/types\/page"}],"author":[{"embeddable":true,"href":"https:\/\/snepfsu.fr\/eps2024\/wp-json\/wp\/v2\/users\/1"}],"replies":[{"embeddable":true,"href":"https:\/\/snepfsu.fr\/eps2024\/wp-json\/wp\/v2\/comments?post=1025"}],"version-history":[{"count":5,"href":"https:\/\/snepfsu.fr\/eps2024\/wp-json\/wp\/v2\/pages\/1025\/revisions"}],"predecessor-version":[{"id":1030,"href":"https:\/\/snepfsu.fr\/eps2024\/wp-json\/wp\/v2\/pages\/1025\/revisions\/1030"}],"up":[{"embeddable":true,"href":"https:\/\/snepfsu.fr\/eps2024\/wp-json\/wp\/v2\/pages\/879"}],"wp:attachment":[{"href":"https:\/\/snepfsu.fr\/eps2024\/wp-json\/wp\/v2\/media?parent=1025"}],"curies":[{"name":"wp","href":"https:\/\/api.w.org\/{rel}","templated":true}]}}